{"id":694,"date":"2023-03-27T12:08:58","date_gmt":"2023-03-27T15:08:58","guid":{"rendered":"https:\/\/lp2.majobeautyclub.com.br\/?page_id=694"},"modified":"2023-05-09T14:56:14","modified_gmt":"2023-05-09T17:56:14","slug":"vazinhos-obrigado","status":"publish","type":"page","link":"https:\/\/lp2.majobeautyclub.com.br\/index.php\/vazinhos-obrigado\/","title":{"rendered":"Vazinhos &#8211; Obrigado"},"content":{"rendered":"\t\t<div data-elementor-type=\"wp-page\" data-elementor-id=\"694\" class=\"elementor elementor-694\" data-elementor-settings=\"[]\">\n\t\t\t\t\t\t\t<div class=\"elementor-section-wrap\">\n\t\t\t\t\t\t\t<section class=\"elementor-section elementor-top-section elementor-element elementor-element-51c5abc3 elementor-section-boxed elementor-section-height-default elementor-section-height-default\" data-id=\"51c5abc3\" data-element_type=\"section\" data-settings=\"{&quot;background_background&quot;:&quot;classic&quot;}\">\n\t\t\t\t\t\t<div class=\"elementor-container elementor-column-gap-default\">\n\t\t\t\t\t<div class=\"elementor-column elementor-col-100 elementor-top-column elementor-element elementor-element-60a2afe3\" data-id=\"60a2afe3\" data-element_type=\"column\">\n\t\t\t<div class=\"elementor-widget-wrap elementor-element-populated\">\n\t\t\t\t\t\t\t\t<div class=\"elementor-element elementor-element-67891554 elementor-widget elementor-widget-image\" data-id=\"67891554\" data-element_type=\"widget\" data-widget_type=\"image.default\">\n\t\t\t\t<div class=\"elementor-widget-container\">\n\t\t\t\t\t\t\t\t\t\t\t\t\t\t\t<img width=\"768\" height=\"543\" src=\"https:\/\/lp2.majobeautyclub.com.br\/wp-content\/uploads\/2023\/02\/MARCA-MAJO-CHAPADA_Base-Fendi-1.pdf-768x543.png\" class=\"attachment-medium_large size-medium_large\" alt=\"\" decoding=\"async\" loading=\"lazy\" srcset=\"https:\/\/lp2.majobeautyclub.com.br\/wp-content\/uploads\/2023\/02\/MARCA-MAJO-CHAPADA_Base-Fendi-1.pdf-768x543.png 768w, https:\/\/lp2.majobeautyclub.com.br\/wp-content\/uploads\/2023\/02\/MARCA-MAJO-CHAPADA_Base-Fendi-1.pdf-300x212.png 300w, https:\/\/lp2.majobeautyclub.com.br\/wp-content\/uploads\/2023\/02\/MARCA-MAJO-CHAPADA_Base-Fendi-1.pdf-1024x724.png 1024w, https:\/\/lp2.majobeautyclub.com.br\/wp-content\/uploads\/2023\/02\/MARCA-MAJO-CHAPADA_Base-Fendi-1.pdf-1536x1086.png 1536w, https:\/\/lp2.majobeautyclub.com.br\/wp-content\/uploads\/2023\/02\/MARCA-MAJO-CHAPADA_Base-Fendi-1.pdf.png 2000w\" sizes=\"(max-width: 768px) 100vw, 768px\" \/>\t\t\t\t\t\t\t\t\t\t\t\t\t\t\t<\/div>\n\t\t\t\t<\/div>\n\t\t\t\t\t<\/div>\n\t\t<\/div>\n\t\t\t\t\t\t\t<\/div>\n\t\t<\/section>\n\t\t\t\t<section class=\"elementor-section elementor-top-section elementor-element elementor-element-453614c4 elementor-section-boxed elementor-section-height-default elementor-section-height-default\" data-id=\"453614c4\" data-element_type=\"section\">\n\t\t\t\t\t\t<div class=\"elementor-container elementor-column-gap-default\">\n\t\t\t\t\t<div class=\"elementor-column elementor-col-100 elementor-top-column elementor-element elementor-element-29cb92b0\" data-id=\"29cb92b0\" data-element_type=\"column\">\n\t\t\t<div class=\"elementor-widget-wrap elementor-element-populated\">\n\t\t\t\t\t\t\t\t<div class=\"elementor-element elementor-element-129ef332 elementor-widget elementor-widget-spacer\" data-id=\"129ef332\" data-element_type=\"widget\" data-widget_type=\"spacer.default\">\n\t\t\t\t<div class=\"elementor-widget-container\">\n\t\t\t\t\t<div class=\"elementor-spacer\">\n\t\t\t<div class=\"elementor-spacer-inner\"><\/div>\n\t\t<\/div>\n\t\t\t\t<\/div>\n\t\t\t\t<\/div>\n\t\t\t\t<div class=\"elementor-element elementor-element-36603d0b elementor-widget elementor-widget-heading\" data-id=\"36603d0b\" data-element_type=\"widget\" data-widget_type=\"heading.default\">\n\t\t\t\t<div class=\"elementor-widget-container\">\n\t\t\t<h2 class=\"elementor-heading-title elementor-size-default\">Agora s\u00f3 falta mais um passo...<\/h2>\t\t<\/div>\n\t\t\t\t<\/div>\n\t\t\t\t<div class=\"elementor-element elementor-element-7460efff elementor-widget elementor-widget-text-editor\" data-id=\"7460efff\" data-element_type=\"widget\" data-widget_type=\"text-editor.default\">\n\t\t\t\t<div class=\"elementor-widget-container\">\n\t\t\t\t\t\t\t\t<p>Clique no bot\u00e3o abaixo e fale com a consultora agora mesmo e agende o melhor dia e hor\u00e1rio para voc\u00ea viver o&nbsp; seu #MomentoMaj\u00f4!<\/p>\t\t\t\t\t\t<\/div>\n\t\t\t\t<\/div>\n\t\t\t\t<div class=\"elementor-element elementor-element-d985fbe elementor-align-center elementor-widget elementor-widget-button\" data-id=\"d985fbe\" data-element_type=\"widget\" data-widget_type=\"button.default\">\n\t\t\t\t<div class=\"elementor-widget-container\">\n\t\t\t\t\t<div class=\"elementor-button-wrapper\">\n\t\t\t<a href=\"https:\/\/api.whatsapp.com\/send?phone=556295077655&#038;text=Ol%C3%A1,%20vim%20da%20p%C3%A1gina%20de%20secagem%20de%20vasinhos!\" class=\"elementor-button-link elementor-button elementor-size-md\" role=\"button\">\n\t\t\t\t\t\t<span class=\"elementor-button-content-wrapper\">\n\t\t\t\t\t\t<span class=\"elementor-button-icon elementor-align-icon-left\">\n\t\t\t\t<i aria-hidden=\"true\" class=\"fab fa-whatsapp\"><\/i>\t\t\t<\/span>\n\t\t\t\t\t\t<span class=\"elementor-button-text\">FALAR COM A CONSULTORA<\/span>\n\t\t<\/span>\n\t\t\t\t\t<\/a>\n\t\t<\/div>\n\t\t\t\t<\/div>\n\t\t\t\t<\/div>\n\t\t\t\t<div class=\"elementor-element elementor-element-3bdebb70 elementor-widget elementor-widget-spacer\" data-id=\"3bdebb70\" data-element_type=\"widget\" data-widget_type=\"spacer.default\">\n\t\t\t\t<div class=\"elementor-widget-container\">\n\t\t\t\t\t<div class=\"elementor-spacer\">\n\t\t\t<div class=\"elementor-spacer-inner\"><\/div>\n\t\t<\/div>\n\t\t\t\t<\/div>\n\t\t\t\t<\/div>\n\t\t\t\t\t<\/div>\n\t\t<\/div>\n\t\t\t\t\t\t\t<\/div>\n\t\t<\/section>\n\t\t\t\t\t\t<\/div>\n\t\t\t\t\t<\/div>\n\t\t","protected":false},"excerpt":{"rendered":"<p>Agora s\u00f3 falta mais um passo&#8230; Clique no bot\u00e3o abaixo e fale com a consultora agora mesmo e agende o melhor dia e hor\u00e1rio para voc\u00ea viver o&nbsp; seu #MomentoMaj\u00f4! FALAR COM A CONSULTORA<\/p>\n","protected":false},"author":1,"featured_media":0,"parent":0,"menu_order":0,"comment_status":"closed","ping_status":"closed","template":"elementor_canvas","meta":[],"_links":{"self":[{"href":"https:\/\/lp2.majobeautyclub.com.br\/index.php\/wp-json\/wp\/v2\/pages\/694"}],"collection":[{"href":"https:\/\/lp2.majobeautyclub.com.br\/index.php\/wp-json\/wp\/v2\/pages"}],"about":[{"href":"https:\/\/lp2.majobeautyclub.com.br\/index.php\/wp-json\/wp\/v2\/types\/page"}],"author":[{"embeddable":true,"href":"https:\/\/lp2.majobeautyclub.com.br\/index.php\/wp-json\/wp\/v2\/users\/1"}],"replies":[{"embeddable":true,"href":"https:\/\/lp2.majobeautyclub.com.br\/index.php\/wp-json\/wp\/v2\/comments?post=694"}],"version-history":[{"count":19,"href":"https:\/\/lp2.majobeautyclub.com.br\/index.php\/wp-json\/wp\/v2\/pages\/694\/revisions"}],"predecessor-version":[{"id":761,"href":"https:\/\/lp2.majobeautyclub.com.br\/index.php\/wp-json\/wp\/v2\/pages\/694\/revisions\/761"}],"wp:attachment":[{"href":"https:\/\/lp2.majobeautyclub.com.br\/index.php\/wp-json\/wp\/v2\/media?parent=694"}],"curies":[{"name":"wp","href":"https:\/\/api.w.org\/{rel}","templated":true}]}}